 is the hundreds digit of 93856?
8
What is the tens digit of 59325?
2
What is the hundreds digit of 22352?
3
What is the units digit of 2864?
4
What is the thousands digit of 21297?
1
What is the ten thousands digit of 26530?
2
What is the units digit of 108644?
4
What is the tens digit of 1117?
1
What is the tens digit of 1610?
1
What is the thousands digit of 11965?
1
What is the units digit of 402?
2
What is the tens digit of 13411?
1
What is the hundreds digit of 5785?
7
What is the hundreds digit of 1482?
4
What is the hundreds digit of 1885?
8
What is the hundreds digit of 2197?
1
What is the tens digit of 46978?
7
What is the units digit of 3897?
7
What is the ten thousands digit of 142151?
4
What is the tens digit of 43098?
9
What is the units digit of 391?
1
What is the tens digit of 22219?
1
What is the units digit of 5325?
5
What is the thousands digit of 2941?
2
What is the hundreds digit of 1536?
5
What is the units digit of 6530?
0
What is the hundreds digit of 462?
4
What is the tens digit of 2253?
5
What is the units digit of 380?
0
What is the tens digit of 70275?
7
What is the thousands digit of 113581?
3
What is the tens digit of 12866?
6
What is the thousands digit of 2376?
2
What is the units digit of 1814?
4
What is the hundreds digit of 6614?
6
What is the hundreds digit of 622?
6
What is the units digit of 511?
1
What is the tens digit of 2278?
7
What is the thousands digit of 1058?
1
What is the tens digit of 508?
0
What is the thousands digit of 46714?
6
What is the thousands digit of 1409?
1
What is the thousands digit of 18104?
8
What is the hundreds digit of 27138?
1
What is the hundreds digit of 12299?
2
What is the units digit of 61034?
4
What is the tens digit of 83254?
5
What is the units digit of 20834?
4
What is the thousands digit of 13667?
3
What is the hundreds digit of 121442?
4
What is the tens digit of 64120?
2
What is the units digit of 27072?
2
What is the units digit of 2230?
0
What is the units digit of 3604?
4
What is the hundreds digit of 1764?
7
What is the tens digit of 149?
4
What is the ten thousands digit of 36723?
3
What is the units digit of 4454?
4
What is the units digit of 854?
4
What is the ten thousands digit of 87396?
8
What is the thousands digit of 2346?
2
What is the units digit of 78860?
0
What is the hundreds digit of 2707?
7
What is the ten thousands digit of 15610?
1
What is the tens digit of 598?
9
What is the hundreds digit of 1907?
9
What is the units digit of 9827?
7
What is the units digit of 860?
0
What is the units digit of 36936?
6
What is the units digit of 3435?
5
What is the tens digit of 1054?
5
What is the ten thousands digit of 19272?
1
What is the tens digit of 2501?
0
What is the hundreds digit of 476?
4
What is the tens digit of 13298?
9
What is the hundreds digit of 3001?
0
What is the ten thousands digit of 12056?
1
What is the units digit of 4?
4
What is the hundreds digit of 2255?
2
What is the thousands digit of 13272?
3
What is the units digit of 4536?
6
What is the tens digit of 57262?
6
What is the tens digit of 924?
2
What is the thousands digit of 9551?
9
What is the hundreds digit of 1495?
4
What is the hundreds digit of 4081?
0
What is the units digit of 140632?
2
What is the ten thousands digit of 13562?
1
What is the units digit of 14201?
1
What is the tens digit of 205?
0
What is the ten thousands digit of 79871?
7
What is the tens digit of 472?
7
What is the thousands digit of 1608?
1
What is the tens digit of 1479?
7
What is the ten thousands digit of 96167?
9
What is the units digit of 7185?
5
What is the thousands digit of 1267?
1
What is the tens digit of 2231?
3
What is the units digit of 51?
1
What is the tens digit of 164?
6
What is the hundreds digit of 2275?
2
What is the hundreds digit of 8503?
5
What is the tens digit of 85676?
7
What is the tens digit of 1182?
8
What is the units digit of 4608?
8
What is the units digit of 3927?
7
What is the tens digit of 1362?
6
What is the hundreds digit of 1281?
2
What is the hundreds digit of 750?
7
What is the tens digit of 9002?
0
What is the tens digit of 53?
5
What is the ten thousands digit of 51117?
5
What is the hundreds digit of 3477?
4
What is the hundreds digit of 743?
7
What is the thousands digit of 2979?
2
What is the units digit of 204?
4
What is the thousands digit of 33266?
3
What is the thousands digit of 2755?
2
What is the units digit of 192?
2
What is the thousands digit of 1872?
1
What is the units digit of 75233?
3
What is the tens digit of 73?
7
What is the tens digit of 33569?
6
What is the tens digit of 22135?
3
What is the hundreds digit of 390?
3
What is the hundreds digit of 5094?
0
What is the tens digit of 569?
6
What is the units digit of 1537?
7
What is the tens digit of 7754?
5
What is the hundreds digit of 112057?
0
What is the thousands digit of 2245?
2
What is the thousands digit of 65997?
5
What is the units digit of 56?
6
What is the hundreds digit of 166?
1
What is the thousands digit of 37139?
7
What is the tens digit of 737?
3
What is the units digit of 4009?
9
What is the units digit of 38548?
8
What is the units digit of 2455?
5
What is the thousands digit of 85148?
5
What is the tens digit of 9591?
9
What is the hundreds digit of 2649?
6
What is the hundreds digit of 8459?
4
What is the tens digit of 33542?
4
What is the thousands digit of 50154?
0
What is the tens digit of 1315?
1
What is the hundreds digit of 17599?
5
What is the units digit of 61251?
1
What is the thousands digit of 14818?
4
What is the hundreds digit of 5299?
2
What is the thousands digit of 4819?
4
What is the units digit of 1428?
8
What is the hundreds digit of 4436?
4
What is the hundreds digit of 202?
2
What is the units digit of 31543?
3
What is the thousands digit of 1524?
1
What is the tens digit of 24253?
5
What is the ten thousands digit of 35256?
3
What is the thousands digit of 5688?
5
What is the thousands digit of 82990?
2
What is the ten thousands digit of 28514?
2
What is the units digit of 15597?
7
What is the hundreds digit of 831?
8
What is the units digit of 75482?
2
What is the units digit of 11733?
3
What is the tens digit of 30583?
8
What is the hundreds digit of 3377?
3
What is the ten thousands digit of 15661?
1
What is the hundreds digit of 1128?
1
What is the hundreds digit of 4813?
8
What is the ten thousands digit of 45126?
4
What is the units digit of 6384?
4
What is the tens digit of 8449?
4
What is the hundreds digit of 2148?
1
What is the thousands digit of 8868?
8
What is the units digit of 29756?
6
What is the units digit of 4268?
8
What is the thousands digit of 2377?
2
What is the thousands digit of 97883?
7
What is the hundreds digit of 2149?
1
What is the thousands digit of 2846?
2
What is the tens digit of 3043?
4
What is the thousands digit of 5315?
5
What is the units digit of 1099?
9
What is the tens digit of 65531?
3
What is the tens digit of 19508?
0
What is the hundreds digit of 2728?
7
What is the hundreds digit of 15044?
0
What is the thousands digit of 60391?
0
What is the tens digit of 18394?
9
What is the hundreds digit of 10224?
2
What is the units digit of 53418?
8
What is the tens digit of 14357?
5
What is the units digit of 45623?
3
What is the tens digit of 15706?
0
What is the units digit of 5244?
4
What is the tens digit of 30277?
7
What is the thousands digit of 2500?
2
What is the hundreds digit of 7220?
2
What is the thousands digit of 4659?
4
What is the hundreds digit of 5481?
4
What is the units digit of 630?
0
What is the thousands digit of 13608?
3
What is the units digit of 888?
8
What is the thousands digit of 3396?
3
What is the hundreds digit of 62347?
3
What is the units digit of 486?
6
What is the units digit of 6844?
4
What is the thousands digit of 20270?
0
What is the units digit of 23086?
6
What is the thousands digit of 3790?
3
What is the hundreds digit of 37466?
4
What is the units digit of 12638?
8
What is the thousands digit of 11994?
1
What is the hundreds digit of 29026?
0
What is the tens digit of 811?
1
What is the tens digit of 1606?
0
What is the hundreds digit of 294?
2
What is the units digit of 691?
1
What is the units digit of 6499?
9
What is the ten thousands digit of 75796?
7
What is th